825238?
2, 3, 61, 139, 151, 337
List the prime factors of 2337847569.
3, 86586947
What are the prime factors of 279809286?
2, 3, 31, 67, 22453
What are the prime factors of 3971180360?
2, 5, 7, 211, 67217
What are the prime factors of 282683389?
31, 9118819
What are the prime factors of 27766680?
2, 3, 5, 71, 3259
What are the prime factors of 7276855351?
7276855351
List the prime factors of 62094766.
2, 89, 199, 1753
What are the prime factors of 43601175?
3, 5, 17, 11399
List the prime factors of 114020448.
2, 3, 197, 6029
List the prime factors of 52243956.
2, 3, 647, 2243
What are the prime factors of 66533291?
11, 17, 20929
What are the prime factors of 71400512?
2, 1115633
List the prime factors of 109356035.
5, 21871207
What are the prime factors of 12704856?
2, 3, 487, 1087
List the prime factors of 292232174.
2, 13, 41, 274139
What are the prime factors of 1706247983?
11, 1307, 10789
List the prime factors of 1581748612.
2, 17, 1699, 13691
List the prime factors of 136609072.
2, 47, 59, 3079
List the prime factors of 141049501.
23, 6132587
What are the prime factors of 813453520?
2, 5, 11, 79, 11701
List the prime factors of 41281001.
41281001
List the prime factors of 69562807.
607, 114601
List the prime factors of 75094966.
2, 2081, 18043
List the prime factors of 7916373.
3, 17, 5749
List the prime factors of 11860467.
3, 3953489
What are the prime factors of 671384376?
2, 3, 13, 79699
List the prime factors of 10009034.
2, 7, 109, 937
What are the prime factors of 557493047?
97, 5747351
What are the prime factors of 145893121?
11, 109, 271, 449
What are the prime factors of 14775877?
29, 509513
What are the prime factors of 57909296?
2, 257, 14083
List the prime factors of 59851401.
3, 19950467
What are the prime factors of 33083588?
2, 8270897
What are the prime factors of 2410004327?
19, 126842333
What are the prime factors of 84429959?
3163, 26693
List the prime factors of 3022645380.
2, 3, 5, 50377423
List the prime factors of 3078943301.
7, 149, 2952007
What are the prime factors of 6555048?
2, 3, 273127
What are the prime factors of 4780275568?
2, 298767223
What are the prime factors of 704583033?
3, 7, 11, 1013, 3011
What are the prime factors of 235592318?
2, 13, 479, 18917
What are the prime factors of 25891184?
2, 11, 157, 937
List the prime factors of 7880616.
2, 3, 109453
List the prime factors of 190570481.
190570481
List the prime factors of 3253019964.
2, 3, 271084997
What are the prime factors of 13708306?
2, 6854153
List the prime factors of 812969898.
2, 3, 13, 10422691
What are the prime factors of 1861792686?
2, 3, 13, 7956379
What are the prime factors of 11825110?
2, 5, 11, 193, 557
List the prime factors of 227152490.
2, 5, 251, 90499
List the prime factors of 41969360.
2, 5, 109, 4813
What are the prime factors of 63032033?
353, 178561
List the prime factors of 440290102.
2, 7, 181, 239, 727
What are the prime factors of 1124988464?
2, 17, 4135987
What are the prime factors of 4795940290?
2, 5, 19, 25241791
What are the prime factors of 8355403?
7, 59, 20231
List the prime factors of 1073764045.
5, 127, 1690967
List the prime factors of 14211251.
14211251
List the prime factors of 140234748.
2, 3, 11686229
List the prime factors of 4218759479.
11, 11897, 32237
List the prime factors of 1910164876.
2, 1523, 313553
List the prime factors of 160499105.
5, 13, 53, 46589
What are the prime factors of 3826276378?
2, 59, 433, 74887
List the prime factors of 698475466.
2, 13, 97, 276953
List the prime factors of 43408105.
5, 13, 667817
What are the prime factors of 265149207?
3, 1091149
What are the prime factors of 1276269549?
3, 425423183
What are the prime factors of 22825114?
2, 13, 31, 28319
What are the prime factors of 609017256?
2, 3, 43, 229, 859
What are the prime factors of 3160680473?
3160680473
List the prime factors of 137698488.
2, 3, 163, 3911
What are the prime factors of 519786721?
519786721
What are the prime factors of 5854092?
2, 3, 71, 6871
List the prime factors of 347276996.
2, 11, 7892659
List the prime factors of 814950458.
2, 7, 8315821
What are the prime factors of 465924549?
3, 1163, 133541
What are the prime factors of 144631913?
144631913
List the prime factors of 212305048.
2, 563, 47137
List the prime factors of 6298096012.
2, 13, 17, 7124543
What are the prime factors of 2999958173?
257, 991, 11779
List the prime factors of 258149103.
3, 2591, 33211
What are the prime factors of 244553951?
244553951
What are the prime factors of 55686021?
3, 18562007
List the prime factors of 162268508.
2, 31, 281, 4657
What are the prime factors of 60040065?
3, 5, 4002671
What are the prime factors of 1976278623?
3, 11, 127, 471553
What are the prime factors of 152716197?
3, 1811, 28109
What are the prime factors of 1273805456?
2, 7, 11, 641, 1613
List the prime factors of 176019664.
2, 1303, 8443
List the prime factors of 71936905.
5, 599, 24019
List the prime factors of 46111109.
11, 4191919
What are the prime factors of 32051174?
2, 16025587
What are the prime factors of 89940048?
2, 3, 11, 170341
List the prime factors of 131117854.
2, 7, 9365561
List the prime factors of 301512151.
301512151
What are the prime factors of 1227241644?
2, 3, 102270137
List the prime factors of 53856173.
7, 7693739
What are the prime factors of 1451101708?
2, 7, 17, 3048533
List the prime factors of 54094930.
2, 5, 5409493
What are the prime factors of 1917295783?
13, 4943, 29837
List the prime factors of 1537266493.
7, 3331, 65929
What are the prime factors of 294366322?
2, 17, 8657833
What are the prime factors of 489066007?
489066007
List the prime factors of 641222355.
3, 5, 19, 53, 42451
What are the prime factors of 713989590?
2, 3, 5, 23799653
What are the prime factors of 277782596?
2, 7, 13, 47, 1249
What are the prime factors of 1641768091?
31, 61, 769, 1129
What are the prime factors of 305715648?
2, 3, 7, 227467
List the prime factors of 63500387.
63500387
What are the prime factors of 24667703?
24667703
What are the prime factors of 200552773?
200552773
List the prime factors of 870429984.
2, 3, 61, 148639
List the prime factors of 98139401.
223, 440087
What are the prime factors of 107760523?
13, 8289271
List the prime factors of 85441133.
17, 349, 14401
What are the prime factors of 4750739822?
2, 19, 1741, 71809
List the prime factors of 14064327.
3, 47, 11083
List the prime factors of 132548133.
3, 17, 2598983
What are the prime factors of 3871214395?
5, 774242879
List the prime factors of 6837709.
1709, 4001
List the prime factors of 29159836.
2, 7289959
What are the prime factors of 18839962?
2, 673, 13997
List the prime factors of 4367347.
1123, 3889
List the prime factors of 100506354.
2, 3, 13, 1288543
List the prime factors of 346578388.
2, 13, 17, 31, 12647
List the prime factors of 68617067.
41, 107, 15641
List the prime factors of 830677455.
3, 5, 18459499
What are the prime factors of 4824549406?
2, 31, 127, 612719
What are the prime factors of 797387749?
797387749
List the prime factors of 50423856.
2, 3, 7, 31, 47, 103
List the prime factors of 3197912605.
5, 639582521
List the prime factors of 3989813722.
2, 1994906861
What are the prime factors of 17506555?
5, 11, 318301
List the prime factors of 381106123.
19, 20058217
List the prime factors of 649255105.
5, 129851021
What are the prime factors of 1724536250?
2, 5, 1379629
List the prime factors of 71781290.
2, 5, 7, 199, 5153
What are the prime factors of 392104351?
1583, 247697
What are the prime factors of 190326465?
3, 5, 7, 113, 5347
List the prime factors of 1153903553.
11, 991, 9623
What are the prime factors of 13807940?
2, 5, 690397
List the prime factors of 163983162.
2, 3, 7, 71, 127, 433
What are the prime factors of 36742483?
109, 521, 647
List the prime factors of 2162391535.
5, 127, 443, 7687
What are the prime factors of 195350661?
3, 11, 23, 85793
What are the prime factors of 3433516346?
2, 13, 132058321
What are the prime factors of 4362774838?
2, 17, 89, 211, 6833
List the prime factors of 3392897477.
41, 82753597
List the prime factors of 1042365610.
2, 5, 11, 13, 728927
List the prime factors of 1414509841.
89, 197, 80677
List the prime factors of 350615522.
2, 175307761
What are the prime factors of 3742